{"id":56,"date":"2015-01-28T20:31:12","date_gmt":"2015-01-28T18:31:12","guid":{"rendered":"http:\/\/www.julianas-ayurveda.de\/?page_id=56"},"modified":"2026-02-20T11:35:17","modified_gmt":"2026-02-20T09:35:17","slug":"home","status":"publish","type":"page","link":"https:\/\/www.julianas-ayurveda.de\/","title":{"rendered":"Home"},"content":{"rendered":"\n<div class=\"wp-block-group is-layout-flow wp-block-group-is-layout-flow\"><div class=\"wp-block-group__inner-container\">\n<p class=\"has-text-align-center\">Liebe Kundinnen und Kunden<br><strong>Die aktuellen Energiepreise stellen uns alle vor grosse Herausforderungen.<br>Um meine zus\u00e4tzlichen Kosten zu decken, sehe ich mich deshalb gezwungen, ab sofort und bis auf weiteres einen Energiekostenzuschlag von EUR 7.&#8211; pro Massage zu verlangen.<\/strong><br>Alternativ k\u00f6nnen Sie bei jeder gebuchten Massage zwei frisch gewaschene<br>Bettbez\u00fcge (130cm x 200cm) und ein Kopfkissenbezug (80 x 80 cm)  mitbringen. Dadurch spare ich mir eine hohe Anzahl Wasch- und Trockeng\u00e4nge.<br>Diese Massnahmen erlauben mir, meine seit Jahren unver\u00e4nderten Preise nicht permanent erh\u00f6hen zu m\u00fcssen.<br><strong>Ich danke Ihnen\/Euch im Voraus f\u00fcr Ihr\/Euer Verst\u00e4ndnis und Unterst\u00fctzung.<\/strong><br>Namaste<br>Eure Juliana<\/p>\n<\/div><\/div>\n\n\n\n<p class=\"has-text-align-center\">Vielen Dank f\u00fcr Ihren Besuch auf meinen Seiten. Ich freue mich, dass Sie sich hier umschauen und bei Fragen sehr gerne Kontakt mit mir aufnehmen.<\/p>\n\n\n\n<hr class=\"wp-block-separator has-alpha-channel-opacity\"\/>\n\n\n\n<p class=\"has-text-align-center\">In Licht und Liebe<\/p>\n\n\n\n<p class=\"has-text-align-center\">Juliana Vaz<br>Rennweg 53,&nbsp;D-79106 Freiburg<br>tel +49\u2009(0)\u2009173 &nbsp;295 08 69<br>email juliana-ayurveda@web.de<\/p>\n","protected":false},"excerpt":{"rendered":"<p>Liebe Kundinnen und KundenDie aktuellen Energiepreise stellen uns alle vor grosse Herausforderungen.Um meine zus\u00e4tzlichen Kosten zu decken, sehe ich mich deshalb gezwungen, ab sofort und bis auf weiteres einen Energiekostenzuschlag von EUR<a class=\"moretag\" href=\"https:\/\/www.julianas-ayurveda.de\/\">Read More&#8230;<\/a><\/p>\n","protected":false},"author":1,"featured_media":67,"parent":0,"menu_order":0,"comment_status":"closed","ping_status":"closed","template":"","meta":{"footnotes":""},"aioseo_notices":[],"_links":{"self":[{"href":"https:\/\/www.julianas-ayurveda.de\/index.php?rest_route=\/wp\/v2\/pages\/56"}],"collection":[{"href":"https:\/\/www.julianas-ayurveda.de\/index.php?rest_route=\/wp\/v2\/pages"}],"about":[{"href":"https:\/\/www.julianas-ayurveda.de\/index.php?rest_route=\/wp\/v2\/types\/page"}],"author":[{"embeddable":true,"href":"https:\/\/www.julianas-ayurveda.de\/index.php?rest_route=\/wp\/v2\/users\/1"}],"replies":[{"embeddable":true,"href":"https:\/\/www.julianas-ayurveda.de\/index.php?rest_route=%2Fwp%2Fv2%2Fcomments&post=56"}],"version-history":[{"count":30,"href":"https:\/\/www.julianas-ayurveda.de\/index.php?rest_route=\/wp\/v2\/pages\/56\/revisions"}],"predecessor-version":[{"id":262,"href":"https:\/\/www.julianas-ayurveda.de\/index.php?rest_route=\/wp\/v2\/pages\/56\/revisions\/262"}],"wp:featuredmedia":[{"embeddable":true,"href":"https:\/\/www.julianas-ayurveda.de\/index.php?rest_route=\/wp\/v2\/media\/67"}],"wp:attachment":[{"href":"https:\/\/www.julianas-ayurveda.de\/index.php?rest_route=%2Fwp%2Fv2%2Fmedia&parent=56"}],"curies":[{"name":"wp","href":"https:\/\/api.w.org\/{rel}","templated":true}]}}